rue
Is 129385 a multiple of 134?
False
Does 42 divide 95711?
False
Is 211840 a multiple of 20?
True
Is 26 a factor of 21780208?
False
Does 71 divide 2108771?
True
Is 87576 a multiple of 91?
False
Is 11771825 a multiple of 1558?
False
Is 440 a factor of 182600?
True
Does 434 divide 294686?
True
Is 178 a factor of 28124?
True
Does 72 divide 151657?
False
Is 289375 a multiple of 25?
True
Is 14 a factor of 1522906?
True
Is 50 a factor of 7200?
True
Does 47 divide 586112?
False
Is 17 a factor of 193698?
True
Is 72772 a multiple of 23?
True
Is 6 a factor of 911568?
True
Is 60240 a multiple of 20?
True
Is 59 a factor of 109055?
False
Does 49 divide 1577898?
True
Is 209760 a multiple of 552?
True
Is 636523 a multiple of 31?
True
Does 2 divide 3525?
False
Does 161 divide 11259489?
False
Does 602 divide 807095?
False
Does 56 divide 300304?
False
Is 601984 a multiple of 34?
False
Does 572 divide 92664?
True
Is 57512 a multiple of 182?
True
Does 30 divide 18330?
True
Is 4571460 a multiple of 327?
True
Is 655218 a multiple of 267?
True
Is 60 a factor of 12166595?
False
Is 326285 a multiple of 21?
False
Is 610495 a multiple of 27?
False
Is 7673572 a multiple of 29?
False
Is 3363327 a multiple of 15?
False
Is 347638 a multiple of 550?
False
Is 4200 a multiple of 20?
True
Does 75 divide 5652406?
False
Is 789 a factor of 968103?
True
Is 546465 a multiple of 10?
False
Is 27 a factor of 27623?
False
Does 418 divide 12958?
True
Is 2340263 a multiple of 136?
False
Does 12 divide 391068?
True
Does 8 divide 62737?
False
Is 20 a factor of 11404?
False
Is 514019 a multiple of 913?
True
Is 18127410 a multiple of 518?
True
Is 49935 even?
False
Does 263 divide 1039130?
False
Is 280 a factor of 460320?
True
Is 3035936 a multiple of 16?
True
Is 12 a factor of 128184?
True
Does 95 divide 1175055?
True
Is 164 a factor of 787657?
False
Does 5 divide 281140?
True
Is 60 a factor of 54209?
False
Is 7697599 a multiple of 258?
False
Is 324 a factor of 362232?
True
Is 11 a factor of 151613?
True
Is 25 a factor of 307825?
True
Is 15708 a multiple of 64?
False
Is 45 a factor of 129962?
False
Does 312 divide 1808040?
True
Is 101080 a multiple of 35?
True
Does 491 divide 7946344?
True
Is 360 a factor of 6718680?
True
Is 13 a factor of 5607896?
False
Does 15 divide 1488052?
False
Does 1560 divide 1968720?
True
Is 320055 a multiple of 3?
True
Does 110 divide 1002100?
True
Is 137 a factor of 8508248?
True
Is 117 a factor of 10062?
True
Is 864700 a multiple of 100?
True
Is 14 a factor of 7217896?
True
Is 372535 a multiple of 17?
False
Is 199456 a multiple of 184?
True
Is 346090 a multiple of 530?
True
Does 647 divide 1407225?
True
Does 51 divide 173744?
False
Is 28215 a multiple of 33?
True
Does 32 divide 344?
False
Does 10 divide 1457520?
True
Is 6002471 a multiple of 36?
False
Is 18 a factor of 495943?
False
Is 14904689 a multiple of 76?
False
Does 56 divide 91168?
True
Does 390 divide 398686?
False
Is 32 a factor of 5142458?
False
Is 8 a factor of 872718?
False
Does 604 divide 7998772?
True
Is 283 a factor of 344411?
True
Is 681736 a multiple of 135?
False
Is 4081749 a multiple of 49?
True
Is 28150121 a multiple of 636?
False
Does 279 divide 7631489?
False
Is 6733514 a multiple of 301?
False
Is 295519 a multiple of 163?
True
Does 33 divide 345675?
True
Is 37545 a multiple of 5?
True
Is 320 a factor of 64223?
False
Does 87 divide 261?
True
Is 10066840 a multiple of 4?
True
Is 2685509 a multiple of 9?
False
Does 364 divide 88678?
False
Is 11 a factor of 33237?
False
Is 4 a factor of 180455?
False
Does 1211 divide 748398?
True
Is 9 a factor of 35460?
True
Is 39 a factor of 27774630?
True
Is 54 a factor of 1897938?
True
Is 27925 a multiple of 25?
True
Is 121 a factor of 335728?
False
Is 1448181 a multiple of 12?
False
Does 8 divide 38928?
True
Is 3037774 a multiple of 283?
False
Is 32 a factor of 303709?
False
Is 216910 a multiple of 199?
True
Is 95 a factor of 748030?
True
Is 7 a factor of 895342?
True
Does 65 divide 11171328?
False
Is 46 a factor of 10028?
True
Is 274 a factor of 600334?
True
Does 77 divide 10931536?
True
Does 50 divide 750300?
True
Does 191 divide 66706?
False
Does 35 divide 4002759?
False
Is 458 a factor of 1473386?
True
Is 36 a factor of 805735?
False
Is 933334 a multiple of 34?
True
Does 9 divide 117549?
True
Is 62556 a multiple of 12?
True
Is 46373 a multiple of 435?
False
Is 8 a factor of 2023664?
True
Is 21052 a multiple of 9?
False
Is 30 a factor of 1805815?
False
Does 50 divide 585610?
False
Does 27 divide 80761?
False
Does 125 divide 529750?
True
Is 78 a factor of 631566?
True
Does 14 divide 1963256?
False
Is 9 a factor of 230742?
True
Is 433880 a multiple of 116?
False
Does 193 divide 241340?
False
Is 28 a factor of 338794?
False
Does 92 divide 354660?
True
Does 215 divide 1634816?
False
Does 8 divide 33141?
False
Is 163950 a multiple of 6?
True
Does 217 divide 42749?
True
Is 11928 a multiple of 3?
True
Is 109 a factor of 195219?
True
Is 292042 a multiple of 34?
False
Is 47 a factor of 394483?
False
Is 144708 a multiple of 178?
False
Does 16 divide 121642?
False
Does 15 divide 111855?
True
Does 477 divide 297428?
False
Is 1762860 a multiple of 55?
True
Is 2952182 a multiple of 12?
False
Is 388 a factor of 601621?
False
Does 7 divide 4997985?
False
Does 17 divide 408268?
False
Does 15 divide 108930?
True
Does 1791 divide 15446301?
False
Is 459981 a multiple of 10?
False
Does 69 divide 245743?
False
Is 543628 a multiple of 76?
True
Is 166 a factor of 215911?
False
Is 145 a factor of 1532215?
True
Is 1753108 a multiple of 493?
True
Is 57571 a multiple of 20?
False
Does 195 divide 977340?
True
Is 203072 a multiple of 32?
True
Is 25572880 a multiple of 857?
True
Is 2799236 a multiple of 1283?
False
Is 551 a factor of 58406?
True
Is 7 a factor of 97232?
False
Is 4485699 a multiple of 711?
True
Does 60 divide 14056106?
False
Is 53876 a multiple of 4?
True
Does 11 divide 112035?
True
Is 67 a factor of 72057?
False
Does 10 divide 29760?
True
Is 204251 a multiple of 8?
False
Does 30 divide 266580?
True
Is 593706 a multiple of 112?
False
Is 16 a factor of 6808736?
True
Is 12 a factor of 93753?
False
Does 8 divide 1317482?
False
Is 804 a factor of 1431120?
True
Does 112 divide 178304?
True
Does 25 divide 1829513?
False
Does 13 divide 628867?
False
Does 129 divide 11534?
False
Does 341 divide 7830383?
True
Is 525198 a multiple of 38?
True
Is 17 a factor of 62375?
False
Is 56 a factor of 72688?
True
Does 96 divide 4240?
False
Is 11 a factor of 68959?
True
Is 9 a factor of 1286431?
False
Does 12 divide 65348?
False
Is 348702 a multiple of 178?
True
Is 6 a factor of 597462?
True
Is 5 a factor of 76160?
True
Is 62 a factor of 349237?
False
Does 165 divide 3129720?
True
Does 16 divide 1555192?
False
Is 1419768 a multiple of 63?
True
Is 5 a factor of 829045?
True
Is 506277 a multiple of 170?
False
Is 12 a factor of 2204846?
False
Is 2395215 a multiple of 85?
True
Does 21 divide 439194?
True
Does 52 divide 3692?
True
Is 118184 a multiple of 37?
False
Is 24 a factor of 1304834?
False
Is 54 a factor of 101191?
False
Is 6619 a multiple of 2?
False
Is 205770 a multiple of 190?
True
Is 173 a factor of 2439300?
True
Is 15 a factor of 30600?
True
Does 262 divide 3122254?
True
Is 17 a factor of 4060739?
True
Is 339 a factor of 21698034?
True
Does 87 divide 7884372?
False
Is 7 a factor of 121198?
True
Is 106 a factor of 3761940?
True
Is 60720 a multiple of 9?
False
Does 313 divide 116013?
False
Is 246680 a multiple of 140?
True
Is 33134419 a multiple of 801?
False
Is 380718 a multiple of 26?
True
Does 34 divide 116756?
True
Is 526797 a multiple of 8?
False
Is 1093839 a multiple of 224?
False
Is 522 a factor of 17528760?
True
Is 202360 a multiple of 24?
False
Is 611520 a multiple of 14?
True
Does 69 divide 3369438?
False
Does 753 divide 77559?
True
Is 202 a factor of 69892?
True
Is 19 a factor of 74632?
True
Does 37 divide 47471?
True
Does 30 divide 45598920?
True
Is 608608 a multiple of 608?
True
Is 126 a factor of 42336?
True
Is 804 a factor of 783410?
False
Is 37439 a multiple of 29?
True
Does 918 divide 1739610?
True
Does 550 divide 912075?
False
Is 634645 a multiple of 187?
False
Does 1465 divide 25954371?
False
Is 3 a factor of 31694?
False
Is 1040 a factor of 2792730?
False
Is 2